 = 18 + 2. Let o(s) = 2*s**2 + 2*s - 3 + p - 14*s**2 + 0*s**2. Let l(q) = -q**2 - 2*q + 14. Let c be l(3). Determine o(c).
-13
Let t(u) = -u**3 + 18*u**2 + 20*u - 13. Let n be 53/3 + (-9)/(405/(-60)). Calculate t(n).
6
Let w(v) = v**3 + 9*v**2 + v + 5. Suppose -2*c - 18 = 4*j, 3 = -c + 2*j - 6. Let q be w(c). Let k(f) = -2*f - 3. Give k(q).
5
Let v = 132 - 136. Let o(j) = -j**3 - 5*j**2 - 5*j - 6. What is o(v)?
-2
Let i(f) = -10*f**2 + 2*f + 5. Let s(b) = -13*b**2 + b + 3. Let w(z) = -4*i(z) + 3*s(z). What is w(6)?
-5
Suppose -343*g = 5*z - 342*g - 11, -g = -1. Let y(o) = o**2 - 8*o + 8. Give y(z).
-4
Let w = -5 - -25. Suppose -5*k = 5*n - w, -3*n + 8*n - 4*k = -7. Let f(t) = -1 + 5*t + t - t. Give f(n).
4
Let n be 615/(-105) - (-2)/(-14). Let w(z) = 5*z**2 - 19*z - 4. Let x(m) = -3*m**2 + 10*m + 2. Let k(s) = -4*w(s) - 7*x(s). Determine k(n).
2
Suppose -4*f + 49 = -39. Let x(o) = 4 - 7*o - 7*o + f*o - 7*o. Calculate x(-4).
0
Let m(r) be the first derivative of r**3/3 + 3*r**2 - 8*r + 720. Give m(-5).
-13
Let u(c) be the second derivative of -c**7/840 - 13*c**6/360 - 11*c**5/120 + 7*c**4/24 - c**3 - 4*c. Let a(n) be the second derivative of u(n). Give a(-12).
-5
Let f = -8 - -14. Let u = -5 + f. Let h(j) = 2 - 2 + u + 10*j**2 - j**2. Calculate h(1).
10
Let a(k) = -k**3 + 3*k**2 - 3*k + 9. Let u be a(3). Let s(m) = m**2 - 2238*m**3 - 12 + u*m**2 + 2239*m**3. Calculate s(0).
-12
Let z(l) = -285*l + 4 - 290*l - 288*l + 855*l. Determine z(4).
-28
Suppose 4*l = 9*l + 15. Let p(j) be the second derivative of 17*j - 1/3*j**3 + 0 + 1/20*j**5 + 1/6*j**4 - 2*j**2. Determine p(l).
-7
Suppose 0 = 12*g - 9*g - 3. Let t(w) = -g - 15*w + 6*w + 2 + 6*w. Determine t(4).
-11
Let s(v) = 13*v - 31. Let l(d) = -15*d + 34. Let n(r) = 4*l(r) + 5*s(r). Give n(8).
21
Let o = -221 - -221. Let z(l) = l**3 - l**2 + l - 6. What is z(o)?
-6
Let l(p) = p**2 - 7*p + 10. Let t be l(5). Let y = -5 + 8. Let j(a) = 7 - 4 + 3 - 2*a + y*a + a**2. What is j(t)?
6
Suppose 52*j = 60*j + 104. Let m(y) = -2*y - 19. Determine m(j).
7
Let f(i) be the third derivative of i**5/12 - i**3/6 - i**2. Suppose 30 = p + 2*p. Suppose -3*a = g - 7, 2*g + 3*a = -2*g + p. Calculate f(g).
4
Let r = 52 + -40. Suppose -4*p - 9 = a + 2*a, r = -4*a + 5*p. Let b(o) = o**2 + 2*o - 3. Give b(a).
0
Let h(w) = 20*w**2 + w - 4. Let l(u) = -80*u**2 + 3*u + 21. Let y(j) = 40*j**2 - 2*j - 11. Let c(q) = 4*l(q) + 7*y(q). Let z(k) = 4*c(k) + 7*h(k). Give z(-1).
-19
Let z be (-108)/(-20) + (-6)/15. Let f be z + (4 - (-1 + 3)). Let d(c) = -c**2 + 8*c + 1. What is d(f)?
8
Suppose -2*u - 25 = 3*u. Let b(y) = -y**2 - 1. Let o(a) = 3*a**2 + 8*a + 5. Let w(s) = -2*b(s) - o(s). Calculate w(u).
12
Let d = -3 + 6. Let x(u) = 2. Let n(h) = -5. Let v(y) = 3*n(y) + 7*x(y). Let o(s) = -2*s - 5. Let q(z) = o(z) - 5*v(z). Give q(d).
-6
Let v(o) = 0*o - 14 - 2*o + 2*o - 4*o - 11. Determine v(-11).
19
Let u(y) be the second derivative of -5*y**3/2 - 5*y**2/2 + 254*y. Give u(2).
-35
Let q(l) = l**3 - 5*l**2 + 1. Suppose 3*g = -1311 + 1326. What is q(g)?
1
Let t(b) be the first derivative of -1/180*b**6 - 5 - 1/24*b**4 + 0*b + 0*b**2 - 2*b**3 + 0*b**5. Let m(y) be the third derivative of t(y). Calculate m(-2).
-9
Let y(z) be the third derivative of -5*z**4/24 - 2*z**3/3 - 23*z**2. Let w(x) = -x - 1. Let k(j) = -3*w(j) + y(j). Determine k(-1).
1
Let d(w) = 348*w**2 + 0*w - 3 - 350*w**2 - 2*w + 0*w. Let b be 3 + (-2 - 0) - 3. What is d(b)?
-7
Let s(p) be the first derivative of 2*p**3/3 - 3*p**2 - 4*p + 97. What is s(5)?
16
Let j be (-8)/16*2/(-1). Let y(f) = -3 - 3*f + 7 + 0*f - j. Give y(2).
-3
Let k(o) = -o**2 - o + 5. Suppose 5 = -2*i + 3*a, -4 = -i - 2*a + 4. Let c be 6/12*-5*i. Determine k(c).
-15
Let k(x) = -5 + 2*x + 1 - 4*x + 3. Determine k(-5).
9
Let l be 7 + -3*6/9. Let z(x) = 3*x - 12. Let f be z(l). Let o(q) = 27*q - f - q**3 - 14*q - 13*q. Determine o(0).
-3
Let g(i) be the third derivative of -i**5/60 + 11*i**4/24 + 5*i**3/3 - 8*i**2 + 11. Determine g(12).
-2
Let x(k) be the first derivative of -k**4/4 + k**2/2 - 5*k - 1. Let s be 1*(5 + -4) - 1. Calculate x(s).
-5
Let m(q) = -q**2 + 6*q - 2. Let d(y) = -y**2 - 9*y - 10. Let z be d(-7). Let t(n) = 4*n - 12. Let s be t(z). What is m(s)?
6
Let l(b) = b + 4. Let x(r) = -3*r - 12. Let h(p) = -17*l(p) - 6*x(p). Let m = 511 + -506. What is h(m)?
9
Let c(j) = 21*j**3 + 10 + 0 + 0 - 17*j**3 + 3*j - 3*j**3 - 9*j**2. Calculate c(8).
-30
Let v(q) = q**2 - 4*q - 9. Let u(o) = 2*o**2 - 8*o - 17. Let a be u(-2). Give v(a).
12
Let h(b) = -7*b - 1. Let c be (-2)/(-7) - (44/7 + 1). Let l(y) = 8*y - y**3 + 0*y**2 - 2*y**2 + 5 - 4*y**2. Let u be l(c). What is h(u)?
13
Let u = -25 - -24. Let w be (1 - u) + (-35 + 3)/4. Let h(c) = -c - 6. Determine h(w).
0
Let u(w) be the second derivative of -w**7/1260 + w**6/360 + w**5/120 - w**4 + 6*w. Let x(m) be the third derivative of u(m). Let q = 1 - 2. Give x(q).
-3
Let x = 119 + -115. Suppose -x = -3*j + 5*y - 32, 5*j + 15 = 2*y. Let i(a) = 2*a + 1. Give i(j).
-1
Suppose 0*y - y + 3 = 0. Let z(h) = -1 - 1 - y*h - 3. Let j be 11610/(-2295) - (-2)/34. What is z(j)?
10
Suppose -87 = 5*y - 27. Let l = y + 10. Let b be 3/1 + l + 1. Let z(a) = -2*a - 1. What is z(b)?
-5
Suppose 0 = -5*c - 10. Suppose -4*x = 2*x + x. Let n(d) = -2 + 196*d**3 + x*d + 0*d - 197*d**3. Give n(c).
6
Let d(i) = 3*i**3 + 3*i**2 + i + 4. Let b(u) = -16*u**3 - 15*u**2 - 7*u - 21. Let w(m) = 2*b(m) + 11*d(m). Give w(-3).
11
Let n = -26 - -22. Let x(v) be the second derivative of v**4/12 + v**3 + 3*v**2/2 - v. Give x(n).
-5
Let l(c) = 6*c**2 - 5*c. Let f(o) be the first derivative of 13*o**3/3 - 11*o**2/2 - 11. Let z(i) = 4*f(i) - 9*l(i). What is z(2)?
-6
Let p(j) be the third derivative of -j**5/60 - j**4/12 + j**3/6 - 29*j**2 - 2*j. Give p(-5).
-14
Let s(q) = q**2 + 9*q + 2. Let p(y) = -14*y - 5. Let x be p(-1). Let f be (-2 + -2)*x/6. What is s(f)?
-16
Let a(p) = -3*p**3 + 7*p**2 - p + 3. Let t be (1/2)/((-2)/(-8)). Let d(i) = -10*i**3 + 22*i**2 - 3*i + 10. Let k(q) = t*d(q) - 7*a(q). Determine k(4).
-13
Let h = 1970 - 1978. Let b(r) be the first derivative of r**4/4 + 7*r**3/3 - 7*r**2/2 + 2*r + 1. Calculate b(h).
-6
Let h(i) be the first derivative of i**3/3 + 9*i**2/2 + 13*i + 94. Calculate h(-10).
23
Let o(r) = -r**2 - 8*r - 6. Suppose -2*f - 4 = -8. Suppose 2*h + v - 7 = 1, -3*h + 12 = -3*v. Suppose -h*s = -2*k - 11 - 9, 2*s = -k - f. What is o(k)?
6
Suppose 5*x - 3*a - 19 = 0, -4*x - 1 + 12 = -a. Let i(b) = -7 + 0*b + 2*b + b + b**x. Give i(-6).
11
Let g(s) = s**2 + 2*s - 2. Suppose -u + 3*i - 4 = 0, 3*u + 0*i = 3*i. What is g(u)?
6
Let g(i) be the first derivative of 3*i**2/2 - 3*i - 33. Suppose -s - h + 2 = -4, -12 = -4*h. Determine g(s).
6
Let k(f) = 41*f - 88*f + 10 + 46*f - 8. Let g be 2/(-5) + 42/5. Calculate k(g).
-6
Let r be 7 - (1 + 0 + 0). Let c(v) = -2*v + r*v - 2*v - 1 + v**2. Suppose -3*i + p + 2 = 0, 2*i + p + 3*p = 6. What is c(i)?
2
Let j(a) = -7*a - 12. Let c = 259 - 262. What is j(c)?
9
Let f = -95 - -120. Let a(j) = f*j**2 + j**3 - 1 - 52*j**2 - j + 28*j**2. What is a(2)?
9
Let h(b) = -2*b - 2. Let i be -1 - 4 - (0 - 3). Let k(u) = u**2 + 5*u + 1. Let w be k(-5). Let q be ((-1)/w)/(i/4). Determine h(q).
-6
Let n(q) be the first derivative of -3*q**3 + q**2/2 - 3*q - 9. Let o(f) = 10*f**2 - f + 4. Let c(l) = 4*n(l) + 3*o(l). Give c(1).
-5
Let c(l) be the first derivative of l**4/4 - 2*l**3/3 + l**2 - 6*l - 196. Calculate c(0).
-6
Let j(u) = u**2 - 11*u - 6. Let t(s) = 3*s**2 - 34*s - 18. Let k(l) = -7*j(l) + 2*t(l). Give k(9).
6
Let q(k) = 2*k**2 + 16*k + 3. Let r = -130 + 122. Calculate q(r).
3
Let z(o) = -o**3 + 5*o**2 + 6*o + 3. Let j be z(6). Let h = -11 - -13. Let s(k) = -k**2 + 4 - 8 - h*k + 2*k**2. Determine s(j).
-1
Let b be 1*(-8)/20*-5. Let r be ((-4)/(-12))/(b/30). Let h(t) = t**3 - 4*t**2 - 3*t - 3. Calculate h(r).
7
Let z = -72 - -73. Let m(n) = n**2 + n + n - 6*n**3 - n - 1. Give m(z).
-5
Suppose 0 = -7*g + 1855 - 1862. Let b(i) = 40*i**3 - i**2 - i - 1. Determine b(g).
-41
Let a(c) = c**3 - 4*c**2 + 0*c**2 + 32645 - 32650. Calculate a(5).
20
Suppose -2*u + 17 = 9. Suppose -2*r - 4*s + u = 0, -8 = -3*s - 2. Let d(q) be the third derivative of q**5/60 - q**4/12 - q**3/6 + q**2. Give d(r).
7
Let n(r) = 3*r + r**2 - 2*r**2 + 0*r**2 - 1 - r**2